1595 and k.
55
Suppose y = 5*b + 446, 7*y - 3*y - 3*b = 1801. Let x = -12 - -53. What is the greatest common divisor of x and y?
41
Let s = -119 + 167. Suppose -2*g = 4*g - s. Let y be 15 + 1/(-2)*-2. What is the greatest common divisor of g and y?
8
Let i be 46456/72 - (-6)/(-27). What is the highest common divisor of i and 86?
43
Suppose b = 4*b - 714. Suppose 6*g - b = 242. Suppose 2*u - 34 = 2*h - 3*h, 0 = 2*u + 2*h - 36. Calculate the highest common factor of u and g.
16
Suppose -2*w - w - z = -239, -3*w = -5*z - 245. Suppose 8 = 4*r, 0 = -3*v + 4*r + 6 + 16. What is the highest common divisor of w and v?
10
Let j(v) = 3*v**2 - 3*v - 38. Let d be j(-4). Calculate the greatest common divisor of 198 and d.
22
Let m = -171 + 236. Calculate the highest common factor of 10 and m.
5
Suppose 14*c + 12 = 15*c. Calculate the greatest common divisor of c and 516.
12
Suppose 0 = -5*v - v + 702. What is the highest common divisor of 45 and v?
9
Let f be 7/(-28)*2*(-52 + 0). Calculate the greatest common divisor of f and 208.
26
Let u be ((-1089)/45 + -5)*-20. What is the greatest common divisor of 16 and u?
8
Let p be (0 - -7)*24/14. Let o(j) = -j**3 - 93*j**2 - 172*j + 914. Let d be o(-91). What is the highest common divisor of d and p?
4
Let z = -728 + 488. Let j be (z/(-18))/((-2)/(-12)). What is the highest common divisor of 32 and j?
16
Suppose 10*h + 5 + 15 = 0. Let j be (-11)/(-22) + (-107)/h. What is the highest common divisor of 72 and j?
18
Suppose -439*l = -425*l - 490. What is the highest common factor of l and 42?
7
Suppose -4 + 2 = -y. Suppose 5*d = -o + 33, 0 = y*d - 1 - 1. Suppose 3*j = 114 + 12. What is the greatest common divisor of j and o?
14
Let s(y) = 25 - 10*y + 2*y**2 - 3*y**2 + 4*y + 28*y. Let b be s(23). Calculate the highest common factor of b and 22.
2
Let w be ((-1)/(-1))/((-3)/(-27)). Suppose -3*n + 6*n + 5*f = 115, 0 = -4*n - 2*f + 172. Let c be (36/5)/(9/n). What is the greatest common divisor of c and w?
9
Suppose -3*g - 4*r = -g - 692, 0 = 3*r + 6. Suppose -g = -3*y - 98. Suppose 2*v + 21 = 3*v. Calculate the highest common factor of v and y.
21
Let k = 964 + -920. What is the greatest common factor of k and 451?
11
Let c(n) = -n**3 + n + 5. Let s be c(0). Let t = s + 49. Suppose -5*u + o - 29 = -210, -3*u - 4*o + 104 = 0. Calculate the highest common divisor of u and t.
18
Let h(p) = 187*p**2 + p + 1. Let o be h(-1). Suppose -12 - 10 = 11*b. Let f be (3 - 69/6)*b. What is the highest common factor of f and o?
17
Let c(o) = -5*o - 51. Let m be c(-16). Let h(u) = -4*u**3 + 2*u**2 - 3*u + 1. Let g be h(4). Let d = 467 + g. What is the greatest common factor of m and d?
29
Suppose 5*j - j - 3*c - 293 = 0, 0 = -4*j + 4*c + 292. Let n = -39 + j. Calculate the highest common factor of 14 and n.
7
Suppose 20134 = 140*m + 394. Suppose z - 7 = -2*j + 40, -j = -4*z + 188. Calculate the greatest common divisor of z and m.
47
Let j = 300 + 20. Calculate the highest common divisor of j and 400.
80
Suppose 13 - 3 = 2*i. Let z be (-2 + 5)/(18/60). What is the highest common factor of z and i?
5
Let h(q) = -15*q - 283. Let n be h(-28). What is the greatest common factor of n and 3?
1
Let w be (-2 - -2) + (-5 - -9). Suppose w*d = 5*d - 12. Suppose 5*v - 62 = 58. What is the greatest common factor of v and d?
12
Let v be 37 - -4 - (-1 - 0). Let q = 73 - v. Let a be q + -3 + -1 + 5. Calculate the highest common divisor of a and 16.
16
Let v = -77 + 77. Let t be (v - 10/(-1))*1. What is the highest common divisor of t and 70?
10
Let c(n) = 22*n**2 - 89*n - 6. Let h be c(5). What is the highest common divisor of 22 and h?
11
Let d be (-1)/(-2) + (-901)/(-34). Let t = d - 9. Suppose 12*y - t = 10*y. What is the highest common factor of 9 and y?
9
Let b(s) = 5*s**2 + 2*s - 3. Let m be b(2). Let a(r) = 5*r**2 + 26*r + 105. Let v be a(-7). Calculate the greatest common divisor of m and v.
21
Let m = 132 - 130. Let f be (-2)/(-8) + 45/12. Suppose 0 = -m*x + w + 10, -2*w - 16 = -f*x + 2*w. What is the greatest common factor of 18 and x?
6
Let q(i) = -3*i**2 + 53*i + 10. Let b be q(13). Calculate the highest common divisor of b and 24.
24
Let c(a) = -54*a + 4. Let o be c(-3). Let z = o - 58. Calculate the greatest common divisor of z and 27.
27
Suppose 18*l - 14*l = 168. Suppose -l = -k - 5*k. Suppose -2*g + 77 = -g. What is the highest common factor of g and k?
7
Let q(p) = -3*p**3 - 4*p**2 + 10*p + 4. Let d be q(-4). What is the highest common divisor of d and 207?
23
Suppose 3*n + 10 = 64. Let q be (n + 0)*(-6 + (-87)/(-9)). Calculate the highest common factor of 44 and q.
22
Suppose -2*c + 0*c + 20 = 0. Suppose -7*g + 20 = -2*g. Suppose 5*j = 3*j + g. Calculate the greatest common factor of j and c.
2
Let z be 8*(3 + 15/(-6)). Let i be (8/(-10))/(z/(-50)). What is the greatest common factor of 70 and i?
10
Let n(q) = 26*q**2 - 2. Let w be n(1). What is the highest common factor of w and 6?
6
Let a be ((-520)/(-12))/((-2)/(-12)). Suppose -a = -q - 4*q. Let l be (4/3)/((-64)/(-624)). Calculate the greatest common factor of q and l.
13
Let s(c) = 26*c - 1. Suppose 6*h - 5*h - 6 = 0. Let z be s(h). Calculate the greatest common divisor of 31 and z.
31
Let m = 374 - 34. Calculate the greatest common factor of 20 and m.
20
Let k be (-1 + -284)/((-81)/108). What is the highest common factor of k and 76?
76
Let i be (-45)/30*-8*4/6. Calculate the greatest common factor of i and 392.
8
Suppose 158 = 5*z - 2*o, 2*z + z - 3*o = 102. Calculate the highest common divisor of z and 12.
6
Let i = 41 - 38. Suppose i*x = 6*k - 8*k + 182, -5*k - x = -429. What is the highest common factor of 34 and k?
17
Let h be 161 - 1 - (3 - 0). Suppose -5*x = 5*i - 385, -5*x - i = -3*x - h. Let t be 8/(-3)*15/(-4). Calculate the greatest common divisor of x and t.
10
Let k = -25 + 26. Let b be k*(15 - 2)*1. Calculate the highest common factor of 143 and b.
13
Let v(o) = -8*o + 50. Let r be v(7). Let z be -2 + (-588)/(-72) + 1/r. What is the greatest common divisor of 66 and z?
6
Suppose -h + 3*a = 19, 4*h - 17 + 8 = -5*a. Let q be -3 + (-5 - h) - -14. Calculate the greatest common factor of 25 and q.
5
Let v be (-12)/5*(-80)/(-24). Let u be (76/(-6))/(v/(-12)). Let h = u + 34. What is the highest common divisor of 165 and h?
15
Let n be (-5 - -4 - 0) + 4. Suppose 6*o = n*o + 45. Let a be (-366)/(-8) + o/(-20). What is the greatest common factor of a and 30?
15
Let z(w) = 16 - 16*w + 30*w - 11*w. Let i be z(8). What is the greatest common factor of 5 and i?
5
Let n = -27 - -76. Suppose 2*o = 2*d - 158, 3*d - o = n + 192. What is the highest common divisor of d and 54?
27
Suppose 16 = 2*n + g, 2*n + 5*g = -0*n + 32. Suppose -3*y + n*y + 3*u = 1338, y - 451 = -2*u. Calculate the greatest common divisor of y and 49.
49
Suppose 5*h - 22 - 8 = 0. Let y = h + -2. Suppose 2*c = -2*c, 4 = l + y*c. Calculate the highest common divisor of 20 and l.
4
Let b be -1 - ((-8)/2 + 1). Suppose b*s = -3*y + 203, 156 = 5*y - 4*s - 153. Let j be (y/(-10) + 0)*-2. What is the highest common divisor of j and 65?
13
Suppose 16*r - 27 = 85. Suppose -x - 6*y = -4*y - 2, -4*y = -x + 2. What is the greatest common divisor of r and x?
1
Let w = -51 - -84. Suppose 3*h + 31 = 4. Let m = 12 + h. Calculate the highest common factor of m and w.
3
Suppose 0 = -3*l - 3*j + 57, -18 = -2*l - j + 25. Let m(b) = -b**3 + 6*b**2 - 9*b + 3. Let i be m(3). Calculate the greatest common divisor of i and l.
3
Let s(z) = 5*z - 100. Let o be s(24). What is the greatest common factor of o and 220?
20
Suppose -28 = -6*b - 10. Let k be 8 + 1 + 0 - b. What is the greatest common divisor of k and 21?
3
Let w(k) = 2*k**3 - 80*k**2 + 68. Let g be w(40). Calculate the greatest common divisor of 136 and g.
68
Let w(q) = -4*q**3 + 2 - q - 3 - 4*q - 4*q**2 - 2. Let u be w(-3). What is the highest common divisor of 12 and u?
12
Let x be 1*(3 - 3)/(-5). Let l be -1*((x - 0) + -1). Calculate the highest common factor of 1 and l.
1
Suppose -x + 3*n = -3, 4*x - n = -5*n - 36. Let u be x*9*(-20)/6. Let k = 268 - u. What is the highest common factor of 11 and k?
11
Suppose 0 = -4*d + 5*q + 555, 10*q = d + 12*q - 142. Let l be 394/7 - 2/7. Calculate the greatest common factor of d and l.
28
Suppose k - 8 = -4*x + 4, -5*k + 156 = -4*x